{"version":"1.0","type":"rich","width":"560px","height":"140px","title":"Community Vernetzung und Empowerment in Ostdeutschland - Willkommen zur ersten Folge unseres Podcasts Stark gegen Rassismus - Aktivismus im Fokus! Wir sprechen heute mit unseren beiden G\u00e4sten Lina Mitschke und Ben Manu\u0161 Liehr \u00fcber Community, Vernetzung und Empowerment in Ostdeutschland. ","url":"https:\/\/starkgegenrassismus.de\/community-vernetzung-und-empowerment-in-ostdeutschland\/","author_name":"Stark gegen Rassismus - Aktivismus im Fokus","author_url":"https:\/\/starkgegenrassismus.de","thumbnail_url":"https:\/\/starkgegenrassismus.de\/wp-content\/uploads\/2024\/03\/asgr-podcast-B-scaled.jpg","html":"<iframe width=\"560px\" height=\"140px\" src=\"https:\/\/starkgegenrassismus.de\/community-vernetzung-und-empowerment-in-ostdeutschland\/?standalonePlayer\"><\/iframe>"}

Community Vernetzung und Empowerment in Ostdeutschland - Willkommen zur ersten Folge unseres Podcasts Stark gegen Rassismus - Aktivismus im Fokus! Wir sprechen heute mit unseren beiden Gästen Lina Mitschke und Ben Manuš Liehr über Community, Vernetzung und Empowerment in Ostdeutschland.
