{"version":"1.0","type":"rich","width":"560px","height":"140px","title":"Fight Racism: Kim K\u00f6the im Gespr\u00e4ch - Kim K\u00f6the spricht \u00fcber ihr Projekt \u201eFight Racism\u201c, Herausforderungen, Erfolge und ihre bald erscheinende Dokumentation im Kampf gegen Diskriminierung.","url":"https:\/\/starkgegenrassismus.de\/fight-racism-kim-koethe-im-gespraech\/","author_name":"Stark gegen Rassismus - Aktivismus im Fokus","author_url":"https:\/\/starkgegenrassismus.de","thumbnail_url":"https:\/\/starkgegenrassismus.de\/wp-content\/uploads\/2024\/03\/asgr-podcast-B-scaled.jpg","html":"<iframe width=\"560px\" height=\"140px\" src=\"https:\/\/starkgegenrassismus.de\/fight-racism-kim-koethe-im-gespraech\/?standalonePlayer\"><\/iframe>"}

Fight Racism: Kim Köthe im Gespräch - Kim Köthe spricht über ihr Projekt „Fight Racism“, Herausforderungen, Erfolge und ihre bald erscheinende Dokumentation im Kampf gegen Diskriminierung.
